atest common factor of k and 24.
2
Suppose -8*r + 712 = -744. Calculate the greatest common factor of 78 and r.
26
Suppose -8*y + 4*y = -240. What is the highest common factor of 80 and y?
20
Let p(u) = 2*u**2 - 17*u - 390. Let y be p(-12). Calculate the greatest common factor of 272 and y.
34
Let m = -452 - -674. Calculate the greatest common factor of m and 370.
74
Let d(q) = -28*q - 9 - q**2 + 9 - 6*q. Let m be d(-16). Suppose -2*f = -5*f + m. Calculate the greatest common factor of f and 12.
12
Let z = -324 + 372. What is the highest common divisor of 120 and z?
24
Let y be (100/(-15))/(2/(-6)). Let c(o) = 3*o + 1 - o**3 + 3 - 5*o**2 - 12. Let x be c(-6). What is the highest common divisor of y and x?
10
Let i(j) = -j**2 - 28*j - 189. Let t be i(-14). Let n = -30 + 58. Calculate the greatest common factor of t and n.
7
Let u = 17 - 9. Suppose -7*r - 61 = -u*r. Calculate the highest common divisor of 183 and r.
61
Suppose 0 = -0*q + 2*q - 5*i + 16, -2*i + 13 = -3*q. Let x be (2 + 11/q)*-3. Let a(r) = -r + 7. Let z be a(x). What is the highest common divisor of z and 1?
1
Suppose -5*w + 5*y + 790 = -0*w, 3*w - 470 = 5*y. Let h = -61 + 65. Suppose 0 = -q - 2, q = l - h*q - 74. What is the highest common factor of l and w?
32
Let b be -12 + -3 + 3963 + 0/(-1). What is the greatest common factor of b and 84?
84
Let x(m) = 14*m + 35. Let j be x(7). Calculate the highest common factor of 95 and j.
19
Let m(q) = -3*q**3 - 2*q**2 + 3*q + 3. Let n be m(-2). Let a = 14 + -18. Let z be 13 + a/(-8)*0. Calculate the highest common factor of z and n.
13
Let z = -109 - -114. Suppose 4*u + z*o = o + 120, -4*o + 154 = 5*u. What is the highest common divisor of u and 85?
17
Let p(n) = 88*n**3 - n + 1. Let y be p(1). Let c be (-4)/12 - y/6. Let k = c + 35. What is the highest common divisor of 10 and k?
10
Let r = -28 + 59. Calculate the highest common factor of r and 496.
31
Suppose -5*g + 52 = 3*j, 5 = 4*g - 4*j - 11. Suppose 5*s = g*s - 21. Suppose 115 = 8*x - s*x. What is the greatest common divisor of 46 and x?
23
Let q(p) = p**3 - 4*p**2 + 11*p - 18. Let l(x) = -x**2 - 5*x + 20. Let g be l(-7). Let z be q(g). What is the highest common divisor of z and 15?
15
Let h be -3 + 2796 + 3/18*12. What is the greatest common factor of 65 and h?
65
Suppose 5*h - 263 = -3*y, 23*y - 328 = 19*y - h. Calculate the greatest common divisor of 351 and y.
27
Let z be 140/10*(-10)/(0 - 1). Calculate the highest common divisor of 28 and z.
28
Let o be ((-2)/(-4))/(3/18). Suppose 3*r = 6 + o. Let q be r + 152 + 9/(-3). What is the greatest common divisor of q and 19?
19
Let a be (264/(-5))/(6/(-15)). Suppose -5 = -2*t + 3. Suppose 2*b - 8 = 0, 0 = -3*q + b + t*b + 16. Calculate the greatest common divisor of a and q.
12
Suppose -f = -240 - 555. What is the greatest common divisor of f and 15?
15
Suppose 0 = 5*d - 2*f + 500, 165 = -3*d + 3*f - 144. Let r = d + 198. What is the greatest common divisor of 20 and r?
20
Let x(s) = s**3 + 15*s**2 - 96*s - 42. Let g be x(-17). What is the highest common divisor of 138 and g?
46
Let w(a) = -a**2 + 7*a - 4. Let u be w(6). Suppose -4*h + 13 = -l, 2*l + 2 = -8. Let z = h + 4. Calculate the greatest common divisor of u and z.
2
Let l be ((-65)/(-20))/((-2)/(-8)). Let v = 41 - l. What is the greatest common divisor of v and 84?
28
Suppose -5*a - 481 = -2*x, -5*a + 0*a - 1225 = -5*x. Let u be (3/(-15))/(12/(-180)). Suppose -l = u*l - x. What is the greatest common divisor of l and 31?
31
Let y be (-6)/(-4)*(-28)/7. Let r be 108*4*y/(-32). Let k = r + -57. What is the highest common factor of 16 and k?
8
Suppose 228 = 22*s - 36. What is the highest common divisor of s and 162?
6
Let y = 70 + -20. Let v be (-2 - y)*4/(-8). What is the greatest common factor of 39 and v?
13
Suppose 16 = 9*k - 20. Let y be k/2 - 3/((-3)/31). Calculate the greatest common factor of y and 3.
3
Let v be (12/(-2))/(18/(-12)) - -3. Suppose v*o - 766 - 494 = 0. Calculate the greatest common divisor of 36 and o.
36
Let k = -188 + 193. Let z = -9 + 14. Calculate the highest common factor of z and k.
5
Suppose 0*s + 5*q - 129 = -2*s, 120 = 2*s - 4*q. Calculate the greatest common divisor of 310 and s.
62
Let m be (1385 - -1)/14 - 7. What is the highest common factor of m and 736?
92
Let x be (6/1)/(15/80). Let m = -2 + x. Let q(l) = l**2 + 8*l - 9. Let j be q(6). Calculate the highest common factor of m and j.
15
Let o be ((-8)/(-10))/((-7)/(-105)). Let s = 12 - o. Suppose 3*d - y = 103, 5*d - 3*y = -s*y + 165. What is the greatest common factor of d and 90?
18
Suppose 30 = -b - u - 0*u, 2*b + 5*u + 57 = 0. Let s = 45 + b. Suppose v + 3 = s. What is the highest common divisor of 22 and v?
11
Let p = -119 + 87. Let m be p/(-4)*12/8. Calculate the highest common divisor of 108 and m.
12
Let l(m) = m**2 + 2*m. Let t be l(3). Let r = 3758 - 3755. What is the highest common factor of r and t?
3
Suppose -2*j - 3*n - 44 = 0, j - 3*n + 38 = 7. Let o = 103 + j. Calculate the greatest common divisor of 26 and o.
26
Suppose -6*r = -3*r. Suppose 0 = -3*i - 2*i + 25. Suppose r = i*b + 5, 8*y - 4*y - 27 = 3*b. Calculate the greatest common divisor of y and 12.
6
Let y(b) = -b**3 - b**2 + 3*b + 475. Let v be y(0). Suppose -v = -j - 4*j. What is the highest common divisor of 38 and j?
19
Suppose 4*p - 3*u + 187 = 0, 4*p - 3*u + 205 = -6*u. Let n = p - -68. What is the highest common divisor of 209 and n?
19
Suppose -56 = -c + 5*s, 3*c = 2*s + 75 + 15. Let l be (2 - 0)*-1 - -15. Calculate the greatest common factor of c and l.
13
Suppose -35*v + 23296 = -11564. What is the highest common factor of 12 and v?
12
Let r be 304/56 + (-3)/7. Suppose 4*g = -r*b + 39 + 13, -b - 76 = -4*g. Let c = g + -8. Calculate the greatest common factor of c and 50.
10
Suppose -2*r - 2*s + 11 = -1, 2*s + 4 = 0. Let p = r - 6. Calculate the highest common divisor of p and 2.
2
Let l = 145 + -65. Let m be l/3 + ((-30)/18 - -1). Calculate the greatest common factor of m and 234.
26
Suppose -17*s + 1020 = -0*s. Calculate the highest common factor of 30 and s.
30
Let w be (-8)/20 + 97/5. Suppose -2*h + 3991 = 3915. What is the highest common factor of h and w?
19
Suppose -3*b = -4*b + 2. Let t be 2/b - (3 - 5). Suppose -43 + t = -2*d. What is the greatest common factor of 30 and d?
10
Let k be (-1472)/(-46) + 1*-7. What is the greatest common factor of k and 200?
25
Let i(l) = -19*l**3 - 2*l - 1. Let n be i(-1). Suppose 332 = -3*y + d, -3*d + d = -2*y - 224. Let o = 190 + y. What is the greatest common factor of o and n?
20
Let m(i) = -3*i**2 - i + 7. Let g(s) = -5*s**3 - 1. Let j be g(-1). Let k be m(j). Let l = -35 - k. What is the greatest common divisor of l and 110?
10
Suppose 9*f = -5*r + 10*f + 421, 0 = -f - 1. What is the greatest common divisor of r and 140?
28
Let x = -28 - -39. Let l = -72 + 171. Calculate the greatest common factor of x and l.
11
Let t = -4 - -14. Let s(j) = -4*j. Suppose -5*u = -4*b, 14 = -2*b + u - 2*u. Let m be s(b). What is the greatest common divisor of t and m?
10
Suppose -n = -3*b + 3*n + 225, 5*b = 5*n + 370. Calculate the highest common factor of b and 284.
71
Suppose g + a - 47 = 4*a, -4*g + 230 = 2*a. What is the greatest common divisor of 24 and g?
8
Suppose -2 = -3*h + 73. Let z(k) = 2*k**3 + k**2 + 9*k - 5. Let v be z(4). Calculate the greatest common factor of v and h.
25
Suppose 3*c + 157 = -a + 230, -3*c + 76 = 4*a. Calculate the greatest common factor of c and 552.
24
Let j be (-4)/6 - (-138)/18. Suppose -2*y = -p + 27, 2*p = 4*p + 2*y - 36. Let t = p - 14. What is the highest common divisor of t and j?
7
Let n(p) = -p**2 + 24*p - 11. Let a be -3*(-3)/(36/76). Let c be n(a). Calculate the highest common divisor of 28 and c.
28
Suppose 156 = -20*w + 33*w. What is the highest common factor of w and 276?
12
Suppose 5*j - 6 = 4. Suppose j*i + 13 = -3*t, -5*t = -i - 2*i + 9. Let n be i/(-6)*14*3. What is the greatest common factor of 112 and n?
14
Suppose 11 = -5*w + 31. Suppose -3*v = 2*x - 129, 0 = w*x - 0*v - v - 293. Calculate the greatest common factor of x and 12.
12
Let z be (0 + -78)*((-5 - -14) + -10). What is the greatest common divisor of z and 663?
39
Suppose 0 = -34*d + 35*d + 2. Let k = 21 - d. Calculate the highest common divisor of 23 and k.
23
Le